s divided by ((-2)/(6/(-21)))/((-47)/(-517)).
25
Suppose 5*p = -3*r + 780, -5*p - 3*r + 780 = -r. Suppose 188 = 4*u + 4*s, 2*u + p = 6*u - 4*s. What is the remainder when 134 is divided by u?
5
Suppose 2*x - 5*a - 15 - 7 = 0, 5*x = 5*a + 85. Suppose 2*u - 560 = -2*u. Let n = 201 - u. Calculate the remainder when n is divided by x.
19
Let c = -259 - -665. Suppose -4*u = 4*h - 428, 0 = -3*u - 4*h + c - 88. Calculate the remainder when u is divided by 31.
17
Suppose -3*v + 18*v - 120 = 0. Suppose -z + 1 = -2*n + 3, 5*n + 4*z - 31 = 0. What is the remainder when v is divided by n?
2
Suppose -37 + 1 = 12*i. Let j(a) = -2*a**3 - 5*a**2 - 10*a - 2. Let n be j(i). Suppose 0 = 2*y - n - 53. Calculate the remainder when 176 is divided by y.
41
Let m = -54 + 196. Let k be 1196/234 + (-2)/18. Suppose -k = 5*j, -m = 3*f - 6*f + 4*j. Calculate the remainder when f is divided by 17.
12
Suppose -2*r = 2*o + 12, -21*r + 2*o + 14 = -24*r. Let g = 19 + -5. Calculate the remainder when (107 - r)/(33 + -32) is divided by g.
11
Let c = -18 - -28. Let g = -7 + c. What is the remainder when 16 is divided by g?
1
Let i(t) = -2*t**3 + 60*t**2 - 57*t + 28. Suppose -5 = 2*y - 13. What is the remainder when i(29) is divided by 22 + y/6*-3?
17
Let y(d) = -13*d + d**2 - 328 + 360 + 0*d**2. Let u be y(6). Let m = u - -31. Calculate the remainder when 82 is divided by m.
19
Let h(o) be the first derivative of o**4/4 + 8*o**3 + 44*o**2 - 16*o - 174. What is the remainder when h(-13) is divided by 25?
24
Let x = -189 + 193. Suppose -762 + 250 = -x*y. Calculate the remainder when y is divided by 26.
24
Let y be (-4)/6 - -2*144/27. What is the remainder when ((-248)/y)/(-2 - 32/(-20)) is divided by 38?
24
Suppose f - 2*f + 15 = 0. Let u(l) = l**2 - 7*l + 9. Let s(q) = q**2 + 4*q + 8. Let z be s(-5). Calculate the remainder when u(z) is divided by f.
12
Let z(p) = -2*p**3 - 6*p**2 + 17*p + 272. Calculate the remainder when z(-9) is divided by 58.
47
Let a(z) = 20*z**2 - 2*z. Calculate the remainder when a(2) is divided by 96/176 + 30/(-11)*(-300)/40.
13
Suppose -59*n + 1275554 = 152*n - 507818. What is the remainder when n is divided by 282?
274
Let q = -150 + 249. What is the remainder when q is divided by ((-2)/5)/((-2)/170)?
31
Let j be 2/(-7) + 192/84. Suppose -z + j*z = 0. Suppose -p + 3*p - 16 = z. Calculate the remainder when 14 is divided by p.
6
Let m(a) = 37*a - 1727. What is the remainder when m(87) is divided by 167?
156
Let m(w) = -w**3 + 12*w**2 + 2*w - 20. Let j be m(12). Let u(q) = 2 + 134*q + 2 + j*q. What is the remainder when u(1) is divided by 29?
26
Let k(v) = 694*v**2 + 21*v - 11. What is the remainder when k(1) is divided by 133?
39
Suppose 106402 = 96*y - 13210 + 25244. What is the remainder when y is divided by 145?
113
Suppose -300*n + 289*n + 506 = 0. Calculate the remainder when 837 is divided by n.
9
Let j = 792 - 736. Let h(w) = w**3 + 13*w**2 + 11*w + 3. What is the remainder when j is divided by h(-12)?
11
Let o = 137 + -128. Suppose 2*d + 146 = 4*p - 30, 4*d = -4*p + 176. Calculate the remainder when p is divided by o.
8
Let g(v) = -81*v - 11. Let p be (3/3)/((-2)/2) - -35. Let u = p + -37. What is the remainder when g(u) is divided by 47?
44
Suppose 4*c + 0 = 4*q - 4, 0 = -4*c - 5*q + 41. Suppose -y = d + y - 32, -132 = -5*d + c*y. Calculate the remainder when 306 is divided by d.
26
Let h(d) = 100*d - 815. Calculate the remainder when 344 is divided by h(9).
4
Let d(l) = 3*l**3 + 4*l - 7. Let g(p) = p**3 + 8*p**2 - 10*p - 6. Let u be g(-9). Suppose -5*r + 232 = u*r. Calculate the remainder when d(3) is divided by r.
28
Suppose q + 7*f - 8 = 6*f, -5*q - 2*f = -25. Suppose 559 = 4*l - u, -l + q*l = 2*u + 284. Let w = 53 - 25. Calculate the remainder when l is divided by w.
27
Suppose -87 - 93 = -18*y. Suppose 0 = -2*l - 5*u + 12, 3*u - 26 + 118 = 5*l. Suppose l = -5*w + 161. What is the remainder when w is divided by y?
9
Suppose 128*o = 124*o - 5*b + 427, 5*o - 3*b = 580. Calculate the remainder when o is divided by 27.
5
Suppose 9 + 7 = -2*m. Let o = 1459 - 1457. What is the remainder when ((-6)/m)/(7/56) is divided by o?
0
Let c(x) = 9*x**2 - 8*x. Let o be c(9). Suppose -74*t + 77*t - o = 0. What is the remainder when t is divided by 74?
71
Let g(y) = y**3 - 9*y**2 - 10*y + 32. Calculate the remainder when g(10) is divided by (9/(-5) - -2) + 64/5.
6
Suppose 4*b = 4, 39 = -10*w + 11*w + 4*b. Suppose m = w + 9. Suppose 3*n = -2*y + m, -5*n + 34 = 4*y - 40. Calculate the remainder when 53 is divided by n.
11
Let p(l) = -269*l + 5. Suppose -2*i - 2*r = i - 16, 21 = -2*i + 5*r. What is the remainder when p(0) is divided by i?
1
Let q(u) = -u**3 - 5*u**2 + 80*u + 11. What is the remainder when 466 is divided by q(-12)?
53
Let k = -3296 - -3648. What is the remainder when k is divided by 120?
112
Let t = 31150 + -25641. What is the remainder when t is divided by 550?
9
Suppose -p + 35 = -6*p. Let t(k) = 0 - 2*k + 6 - 2 + 7*k - 10*k. Calculate the remainder when t(p) is divided by 10.
9
Let x = 24581 - 24451. What is the remainder when 169 is divided by x?
39
Suppose -57 = -2*j - 7. Let q(a) = -25*a - 45. Let b be q(-3). Let n = 43 + b. What is the remainder when n is divided by j?
23
Let j = -181 + 176. What is the remainder when 24 is divided by 1/j*3 - 106/(-10)?
4
Let z = -66 + 65. What is the remainder when 5 is divided by 115/30 + 3/(-18)*z?
1
Suppose 3*q = -2 + 8. Suppose 5*n + 2*j - 45 = q*n, j - 68 = -5*n. Suppose -5*b + 66 = -49. Calculate the remainder when b is divided by n.
10
Let k be 6/(-30) - 452/(-10). Suppose 4*c = 4*r - 0*c + 116, 0 = -5*r - 2*c - 117. Let j = k + r. What is the remainder when j is divided by 11?
9
Let z = -12 - -35. Suppose -6519 = -20*f - 21*f. Suppose -5*x + 61 = -f. Calculate the remainder when x is divided by z.
21
Let a = 10136 + -6377. Calculate the remainder when a is divided by 26.
15
Let a(i) be the third derivative of 7/2*i**3 + 7/12*i**4 - 29*i**2 - 1/60*i**5 + 0*i + 0. Calculate the remainder when a(11) is divided by 19.
16
Let w be -3*((-60)/9 - (-2)/2). Suppose 0 = 7*l - 347 - w. Calculate the remainder when l is divided by 5.
2
Let n = 8086 - 8044. Calculate the remainder when 286 is divided by n.
34
Let r = 18 - -7. Let c(k) = 2*k**3 - 21*k**2 - 36*k + 6. Let o be c(12). Calculate the remainder when r is divided by 12/(-4) - ((-306)/o)/3.
11
Let b = -10 + 23. Suppose -3*t + 4*t - 11 = 0. Let j(d) = 2*d**2 - 19*d - 24. Calculate the remainder when b is divided by j(t).
4
Let r(i) = i**3 + 8*i**2 - 2*i + 38. Let l be r(-9). Calculate the remainder when 91 is divided by ((4 - 0) + -2 - l) + -3.
19
Let c = 125 - 67. Let u = 672 - 657. What is the remainder when c is divided by u?
13
Let f = -4 + 29. Let h = f + -3. Suppose 163 = q - h. What is the remainder when q is divided by 47?
44
Let w(l) = l**3 + 49*l**2 + 140*l + 154. What is the remainder when 1423 is divided by w(-46)?
59
Suppose 0*l = -l + 140. Let t = l + -80. What is the remainder when t is divided by (-280)/(-18) + (224/(-36))/(-14)?
12
Let y = -8301 - -8364. What is the remainder when y is divided by 9?
0
Suppose 5*o - 70 = -0*o. Let f be 175/15*(1 + 2). Let i = f + 12. Calculate the remainder when i is divided by o.
5
Suppose -45*r = -51*r + 846. Let t = r + -74. What is the remainder when t is divided by 23?
21
Suppose 13*q - 52 + 0 = 0. Suppose -f + q*f - 462 = 0. What is the remainder when f is divided by 21?
7
Suppose -u = -y - 2*y, 4*y = 3*u. Suppose s - 2*s = k - 98, -2*s + 8 = y. Calculate the remainder when k is divided by 46/2 + 0 + 1.
22
What is the remainder when ((-2262)/203)/(-39) - (0 + (-250)/7) is divided by 8?
4
Let d(p) = 2*p**3 + 2*p**2 - 5*p + 2859. What is the remainder when d(0) is divided by 143?
142
Suppose -2662 = 134*l - 4806. Suppose 0 = c - 137 + 10. What is the remainder when c is divided by l?
15
Let x be (-1236*((-88)/16 - -6))/(-2). Let j = 1 - -1. Suppose -5*m + 3*h = -x, -j*m - 4*h = m - 168. Calculate the remainder when m is divided by 16.
12
Let l(j) = 11*j + 52. Let w be l(-4). Suppose -2*v + 5*v - 42 = 0. Calculate the remainder when (w*7/21)/(2/39) is divided by v.
10
Suppose 66*n - 21783 = -45*n + 58*n. Calculate the remainder when n is divided by 63.
33
Let a = -201 + 201. Suppose a = 2*d - 5*d 